-3*c - 0*c. What are the prime factors of f(c)?
3
Suppose -g - 3*g = -64. Let z be (3/(-4))/((-1)/g). Suppose 3*x + z = 33. List the prime factors of x.
7
Let w be 1 + -4*(-2)/4. Suppose 22 = w*i - 41. List the prime factors of i.
3, 7
Let j be (-103)/(-1) + (0 - 2). Let f(o) = o**3 - 3*o**2 + 2*o. Let t be f(3). Suppose 5*s + t = j. List the prime factors of s.
19
Let y = -47 + 67. What are the prime factors of y?
2, 5
Let u(g) = -g**3 + 14*g**2 + 4*g + 18. Let i be u(14). Let d = 115 - i. What are the prime factors of d?
41
Let k(t) = 41*t + 1. What are the prime factors of k(1)?
2, 3, 7
Let p be ((-12)/9)/(3/(-27)). Suppose -p*z + 13*z - 40 = 0. List the prime factors of z.
2, 5
Let t(p) be the first derivative of -p**3/3 + p - 4. Let c(u) = -5*u**2 + 7*u + 8. Let x(b) = c(b) - 4*t(b). List the prime factors of x(6).
2, 5
Suppose 8*j + 660 = 13*j. List the prime factors of j.
2, 3, 11
Let g = -1 - -3. List the prime factors of (g/(-6))/((-6)/90).
5
What are the prime factors of ((0 + 1)*-181)/(1/(-1))?
181
Suppose 0 = 23*c - 25*c + 158. List the prime factors of c.
79
Let f(h) = h**3 - 7*h**2 - 7*h - 3. Let g be f(8). Suppose -3*x + 32 = 4*j + 3, 4*x + 75 = g*j. List the prime factors of j - 1 - -1*1.
11
What are the prime factors of 9/((-36)/(-248)) + (-2)/2?
61
Let f(s) = 3*s**3 - 3*s**2 + 3*s + 4. What are the prime factors of f(2)?
2, 11
Suppose -5*y = 5*z - 360, -y + 0*y - 153 = -2*z. Suppose -3*r = -3*j + z, 4*j - 99 = 6*r - r. List the prime factors of j.
2, 13
Let a(n) = n**2 + 6*n. Let q be a(-3). Let v be (-2)/4 + q/(-2). Suppose -5*w + 7 = -v*f, f = 4*w - f - 8. What are the prime factors of w?
3
Suppose g = 5*v + 46, -259 = 3*g - 8*g - 4*v. What are the prime factors of g?
3, 17
Let y(m) = 11*m - 15. Let g(o) = -5*o + 7. Let k(z) = -13*g(z) - 6*y(z). List the prime factors of k(-9).
2
Let n = -118 - -188. List the prime factors of n.
2, 5, 7
Let x(i) = -i**3 + 3*i**2 - i. Let q be x(2). Suppose -l = q*g + 1, -3*l + 9 = -3*g - 15. Suppose l*f = 4*f + 14. List the prime factors of f.
2, 7
Let b(g) = -g**2 + 7*g - 2. Let h be b(6). Suppose 2*r + 0*r + 67 = 5*a, h*r - 61 = -5*a. What are the prime factors of a?
13
Let m = 97 + -50. What are the prime factors of m?
47
Let v be (3 - -103)*(-1)/2. Let y = 97 + v. Let w = y + -31. List the prime factors of w.
13
Suppose 2*q + 3*c = -2*c - 7, 3 = c. Suppose u - 4*w + 44 = 16, 3*w + 25 = -5*u. Let j = u - q. What are the prime factors of j?
3
Suppose -3*c - 1 = 2. What are the prime factors of (-32)/(-1) - (2 + c)?
31
Suppose -2*h - 5 - 1 = 0. Let r be h*((-1 - -1) + -1). Suppose -16 = -3*u + c, -r*u + 0*c = 3*c - 24. List the prime factors of u.
2, 3
List the prime factors of 1 + -1 - (2 + -25).
23
Let k(q) = 2*q - 2. Let f be k(2). Suppose -s - f*d + 41 = 2*d, s - 31 = -2*d. What are the prime factors of s?
3, 7
Let f(z) = z**3 + 13*z**2 + 22*z - 11. List the prime factors of f(-10).
3, 23
Suppose 20 = 4*f, -4*d + 5*f + 71 = -0*f. Suppose -5*l = -n + d - 68, -3*l + 3*n = -24. What are the prime factors of (l/15)/((-2)/(-10))?
3
Let u = -1 + 4. What are the prime factors of u + -6 + (0 - -22)?
19
Suppose 2*x - 16 = 3*j - 1, -15 = -3*j. Suppose -6*m + m - x = 0. Let t(a) = -a**3 - a**2 + 5*a + 2. List the prime factors of t(m).
5
Suppose 4*y - 14 + 2 = 0. Let l be y/(-6) + (-2)/4. What are the prime factors of (l - 1)*5/(-2)?
5
Let c(q) = 117*q**3 + q**2 - 1. Let n be c(1). Suppose -6*i + i + 95 = 2*k, 3*k - i - n = 0. List the prime factors of k.
2, 5
Suppose 1 = m + z, 8*m - 4*m - 16 = 2*z. Suppose -m*c - 8 = c + 4*j, 5*j = 4*c - 37. What are the prime factors of c?
3
What are the prime factors of (-25 - 0)*(-12 + 9)?
3, 5
Let p(k) = 4*k - 9. Let c be p(7). Suppose -3*g = -t - g + 2, g = 5*t - c. List the prime factors of t.
2
Let y(g) = g**2 + 2*g. Let c be y(-2). Let m(l) = -l**3 - l**2 - l + 11. List the prime factors of m(c).
11
Let i(h) = -h**3 - 10*h**2 - 42. List the prime factors of i(-12).
2, 3, 41
Let p(j) = -9 - 8 + 5 + 11*j - j**2. List the prime factors of p(9).
2, 3
Let v(u) = u**3 + 7*u**2 - 9*u - 3. Let r be v(-8). Let l be r/10 - 10/4. Let f = 4 + l. What are the prime factors of f?
2
Suppose -z + 2*j + 17 = 3*j, -2*z + 4*j = -16. What are the prime factors of ((-1)/((-2)/z))/1?
7
Suppose -9*q = -44 + 8. What are the prime factors of q?
2
Let k = -1 + 4. Let z be (k + 0)*3/(-9). What are the prime factors of (z + 0 + 2)*10?
2, 5
Suppose -2*r - 2*r = 0. Suppose -5*q + 1 + 109 = r. Let a = q - 6. List the prime factors of a.
2
Let g(z) = 4*z + 3. Let c(b) = 4*b + 2. Let j(p) = -5*c(p) + 4*g(p). What are the prime factors of j(-4)?
2, 3
Let a(x) = 21*x**2 + 3*x + 3. Let w be a(-2). Suppose 2*v + 6*b = 2*b + 90, -5*b - w = -2*v. What are the prime factors of v?
43
Let c(q) = -q - 7. Let m be c(-9). What are the prime factors of 2 + (m + 0 - -14)?
2, 3
Suppose 2*p - 2*a + 10 = -6*a, -5*p + 40 = -3*a. Let u be 3*(2 - 0/1). Suppose u + 24 = p*v. What are the prime factors of v?
2, 3
Let k(x) = -x**3 + 3*x**2 + 2*x - 4. Let a be k(3). Let u = a - 3. What are the prime factors of ((-21)/6)/(u/2)?
7
Let b(q) be the third derivative of q**6/120 - 2*q**5/15 + q**4/24 + 4*q**3/3 - 5*q**2. What are the prime factors of b(8)?
2
Let k(q) = q**2 + 5*q + 13. Suppose -2*n - 12 = -0. List the prime factors of k(n).
19
Let a(c) = -c**3 + 2*c**2 + c - 2. Let w be a(2). Suppose 5*z = -w*z + 90. Let u = -5 + z. List the prime factors of u.
13
Let k(v) = -v**3 - 5*v**2 + 4*v + 4. Let g be k(-6). Let z = g + -8. What are the prime factors of z?
2
Let m = -73 - -107. What are the prime factors of m?
2, 17
Let p(m) = 248*m**2 - 2*m + 1. What are the prime factors of p(1)?
13, 19
Let q(f) = -f**2 - 8*f - 3. Let u be q(-7). Suppose u*n - 4*j = 188, 3*n - 3*j + 7*j - 148 = 0. What are the prime factors of n?
2, 3
Let z(n) = 2*n**2 - 10*n + 9. Let i be z(6). Suppose -3 = -2*a + 5. Suppose 5*h = a + i. List the prime factors of h.
5
Let g(f) be the first derivative of f**2 - 4*f - 2. Let r be g(4). List the prime factors of (-16)/(2*(-2)/r).
2
Suppose 0 = 4*u + 1 - 9. Suppose -64 = -3*g + 5*p, 0 = u*g + 2*g - p - 57. Let o = g + -6. What are the prime factors of o?
7
Let u = 0 - -5. Suppose u*x - 23 - 17 = 0. List the prime factors of x.
2
Suppose 0*n = -n + 2. What are the prime factors of n + 2/(-2) + 6?
7
Let x = 48 + -32. Let d(w) = 3*w - 4. Let k be d(3). Suppose -2*s - 2*b = -16, -s = k*b - 0*b - x. List the prime factors of s.
2, 3
Let f(y) be the second derivative of 0 + 1/4*y**4 + 1/2*y**3 + y**2 + y. What are the prime factors of f(-2)?
2
Let h be (-4)/(1 + (2 - 5)). Suppose -h*v + 12 = 2*v. List the prime factors of v.
3
Let u(q) = -q**3 - 2*q**2 + q + 3. List the prime factors of u(-3).
3
Let u(h) = -h - 1. Let j be u(-2). Let x be 9*(-3 + 2)*j. Let f(z) = z**2 + 8*z + 1. List the prime factors of f(x).
2, 5
Let c(t) = -t**2 + 9*t + 8. Let r be (-7*4)/4*-1. What are the prime factors of c(r)?
2, 11
Suppose -f - 218 = -4*h + f, -5*h + 280 = 5*f. List the prime factors of h.
5, 11
Suppose -a + 0 - 11 = 0. Let k = -6 - a. Suppose 46 = 5*y + i, k*i = -5*y - 0*y + 50. List the prime factors of y.
3
Let v = 434 + -136. What are the prime factors of v?
2, 149
Let h = -215 + 309. List the prime factors of h.
2, 47
Let v be 0/(3 + 0 + -2). Suppose 3*x + 15 = v, 2*o + 2*o - 5*x - 37 = 0. List the prime factors of (-2)/((18/(-57))/o).
19
Let v = 56 - 33. What are the prime factors of v?
23
Let h = 11 + -11. List the prime factors of 4 + (-8 - h) - -26.
2, 11
Let p(o) = o**3 + 7*o**2 - 4*o - 10. What are the prime factors of p(-7)?
2, 3
Let m = -24 - -36. List the prime factors of m.
2, 3
Let s(d) = d**3 + 14*d**2 - 3*d - 1. What are the prime factors of s(-14)?
41
Let z = 4 + -19. Let s = -8 + 35. Let c = s + z. List the prime factors of c.
2, 3
Let a(k) = 4*k**2. Let n be a(2). Suppose 5*q = -6 + n. Suppose -9 = -t + 4*x, -q*t - 9 + 27 = -3*x. What are the prime factors of t?
3
Let z(c) = c**2 + c. Let g(u) = u**3 + 5*u**2 + 2*u - 6. Let m(r) = -g(r) - 2*z(r). What are the prime factors of m(-7)?
2, 17
Let t(g) = g + 9. Let x = 0 - -6. Suppose x + 19 = -5*h. What are the prime factors of t(h)?
2
Let o(w) = -w**3 - 7*w**2 + 6*w - 10. Let f be o(-8). Let x = 15 - f. Suppose 0 = -4*n + 11 + x. What